 536. List the prime factors of u(-12).
2, 17, 47
Suppose v = 4*q + 2237, -2*q = -2*v + 1337 + 3125. List the prime factors of v.
3, 743
Let s = 37 + -34. List the prime factors of (-5 + s + 3)/((-1)/(-66)).
2, 3, 11
Suppose -485 = 2*l - 45. Let f = 399 + l. List the prime factors of f.
179
Let g(l) = 26*l**3 - l**2 + 1. Let p be g(-1). List the prime factors of p/7 - -4 - 1653/(-21).
79
Let m(o) = -2*o**3 + 5*o**2 + 24*o - 10. What are the prime factors of m(-7)?
3, 251
Let x(r) = -7*r**3 - 20 - 7*r + 7 + 10*r**2 + 6*r**3. Let q be x(9). Suppose 3*m = 5*z - 9, -3*z = q*m + 2*z - 25. List the prime factors of m.
2
Let c(w) = 65*w**2 + 5*w + 3. Let h be c(-1). What are the prime factors of (h/9)/(2 - (-134)/(-68))?
2, 7, 17
Let k(y) = -3*y - 34. Let z be k(-12). Let j = 5 + z. What are the prime factors of j?
7
Let w = 536 - 488. List the prime factors of w.
2, 3
Let o(j) = -4 + 3 + j - 2 - 3. Let f be o(6). Suppose f = -l + 2*g + 32, 64 = -l + 3*l + 3*g. List the prime factors of l.
2
What are the prime factors of 1198/(-6)*((0 - -3) + -12)?
3, 599
Let a be (2/4)/(9/(-18)). What are the prime factors of a + -12*4/(-3)?
3, 5
Let t = -98 - -115. Let r(h) = -h - 3. Let v be r(-4). Suppose t = 4*m + v. List the prime factors of m.
2
Let m(k) = 13*k. Let s(n) be the first derivative of 781*n**2/2 - 5. Let o(f) = 121*m(f) - 2*s(f). What are the prime factors of o(3)?
3, 11
Suppose 2*t - 8 = -3*k, 2*k - 12 = -2*k - 2*t. Let m = k - -6. Let q = 33 - m. What are the prime factors of q?
23
Let n(v) = 5*v - 21. Let h(l) = -l. Let z(w) = 17*w - 42. Let u(d) = 6*h(d) + z(d). Let s(f) = -9*n(f) + 4*u(f). List the prime factors of s(9).
2, 3
Let a be 3/(-4) + 6/8. Suppose 2*l + a - 60 = 0. Suppose -34 = -2*x + l. What are the prime factors of x?
2
Let q(p) = -10*p - 42. List the prime factors of q(-9).
2, 3
Suppose 5*l - 6*l + 1 = 0. Suppose -12 = -n - 3*n. Let w = n - l. What are the prime factors of w?
2
Suppose -741 = 4*a - 6713. What are the prime factors of a?
1493
Let n = -53 + 42. Let t = 13 + n. What are the prime factors of t?
2
Suppose -u + 5*j + 440 = 0, 0 = -3*u + 3*j - 6*j + 1284. List the prime factors of u.
2, 5, 43
Suppose -2*b + 1320 = 9*b. What are the prime factors of b?
2, 3, 5
Let x be (-1738)/(-15) - ((-39)/(-45) + -1). Let u = 220 - x. What are the prime factors of u?
2, 13
Let g = 9695 + -5872. List the prime factors of g.
3823
Suppose 0 = 17*j - 10*j - 3962. What are the prime factors of j?
2, 283
Suppose -z = -3*a - 100, 2*z - 25 = 2*a - a. List the prime factors of a*-4*5/14.
2, 5
Let u(i) = -6*i + 69. Let d be u(16). What are the prime factors of d/(-6)*62 - (6 + -9)?
2, 3, 47
What are the prime factors of ((-21)/(-7) - -5414) + 4?
3, 13, 139
Suppose 10*f = -432 + 15652. What are the prime factors of f?
2, 761
Let i = 964 - 305. Suppose -4*g + 2*r = -892, 3*g - i = 8*r - 4*r. Suppose 4*v - g = -81. List the prime factors of v.
2, 3
Let o(g) = -g**2 - 7*g - 7. Let c be o(-6). What are the prime factors of (-2)/(-11) - 252/66*c?
2
Suppose -s = -12*s + 19393. What are the prime factors of s?
41, 43
Suppose -5*c + 29 = 2*d, -2*d - c = -0*d - 9. Suppose -d*m = -5*m + 39. List the prime factors of m.
13
Suppose -3*j = 3*m - 4332, 0*j - j + m + 1438 = 0. What are the prime factors of j?
11, 131
What are the prime factors of 93075/146 + 2/4?
2, 11, 29
Suppose 1056 = 7*d + 5*d. List the prime factors of d.
2, 11
Let w(u) = u**3 - 14*u**2 + u - 38. Let i be w(16). Suppose 16*o - i = 11*o. List the prime factors of o.
2, 7
Let u(c) = -c**2 + 27*c - 17. Let y be u(10). Suppose 2*i + 5*f - 166 = 0, 5*i - 553 + y = -5*f. List the prime factors of i.
2, 3, 13
Let a(z) = -13*z**2 + z - 2. Let j be a(1). What are the prime factors of (j/(-28))/((-2)/(-36))?
3
Let p = -32 + 34. List the prime factors of p + -1 + 5/(15/297).
2, 5
Let h = 48 + -45. Suppose 4*g + 3*a = 5*a + 48, 5*g - 2*a = 60. Suppose -c = m - 3*c - g, -h*m + 4*c + 30 = 0. List the prime factors of m.
2, 3
Let n(i) = -i**3 + 37*i**2 - 51*i + 28. What are the prime factors of n(35)?
3, 7, 11
Let q = -3 + 5. Let j(f) = -2*f**3 + 3*f**2 + 2*f. Let m be j(2). Suppose -o + m*z = 3*z - 15, -5*z + 3 = -q*o. What are the prime factors of o?
2, 3
Suppose u + 7 = 2. Let g = u - -9. Suppose x + 144 = g*n - 5, -x - 1 = 0. What are the prime factors of n?
37
List the prime factors of (-21576)/(-62) + 3/((-3)/5).
7
Suppose 3*d + 3*n = 65 + 361, 0 = -4*d + n + 553. Suppose 0 = -i + 2*j - 42 + d, -5*i + j + 512 = 0. List the prime factors of i.
103
Let n(y) = y**3 - 2*y**2 - 4*y. Let v be n(4). Suppose 3*w - 82 = -v. List the prime factors of w.
2, 11
Suppose -x + 107 = k - 473, 574 = x - 5*k. Suppose x = 7*s - 4*s. List the prime factors of s.
193
Let l(h) = h**3 - 11*h**2 + 21*h + 7. Let p be l(9). Let k = 83 + p. List the prime factors of k.
3, 13
Let t(f) = 8*f**2 + 3*f + 12. Let n = -4 - -1. List the prime factors of t(n).
3, 5
Let h be 4 + 2 + -1 + -10. Let z(o) = 2*o + 16. What are the prime factors of z(h)?
2, 3
Let l = 954 - -2414. What are the prime factors of l?
2, 421
Suppose -j = 6*j - 490. List the prime factors of j.
2, 5, 7
Suppose 2*k = -7 + 9, 2*b - 3*k - 2171 = 0. What are the prime factors of b?
1087
Let x(g) = g**2 + 20*g + 1. List the prime factors of x(-21).
2, 11
Let x = 361 - -162. List the prime factors of x.
523
List the prime factors of (-36312)/(-42) - 7/((-294)/(-24)).
2, 3
Let h(s) = -21*s**3 - 2*s**2 + s. Let y be h(1). Let u = 87 + y. List the prime factors of u.
5, 13
Let g(m) be the second derivative of 3*m**5/20 - m**4/4 - m**2/2 - 12*m. What are the prime factors of g(3)?
53
Suppose 0 = -0*t - 2*t - 140. Suppose 95 + 5 = 25*w. List the prime factors of (4 + t)*(-2)/w.
3, 11
Let i(g) = 34*g**2 - g - 17. What are the prime factors of i(-4)?
3, 59
Let c(u) = -u**3 - 22*u**2 - 10*u + 6. What are the prime factors of c(-22)?
2, 113
Suppose -3*q + 9 + 10 = -5*a, 2*q - 4*a - 14 = 0. Let j(y) be the first derivative of y**2/2 + 4. List the prime factors of j(q).
3
Suppose -2434 = -3*m - 835. What are the prime factors of m?
13, 41
Let b = 367 + 200. What are the prime factors of b?
3, 7
Suppose 5*s + 10 = -3*z - 2*z, -3*s = 2*z + 6. Let o be (s/3)/(10/(-885)). Suppose t = b + o, -t + 260 = 3*t + 2*b. List the prime factors of t.
3, 7
Let z(h) = -2*h**3 - 18*h**2 - 20 - 9*h + 7 + 2. List the prime factors of z(-9).
2, 5, 7
Suppose 2 = n - 0. Suppose 3*v - 14 = 2*y, 3*y + 33 - n = 2*v. Let x = 23 + y. List the prime factors of x.
2, 5
Let f = -16 + 16. List the prime factors of (-2 - 39)*(-6)/(f - -2).
3, 41
Let d = 158 + -65. Suppose -4*o + h = -d, o + 4*o = 3*h + 125. Suppose f = b - 5*b + o, -2*f - 5*b + 53 = 0. List the prime factors of f.
2, 17
Suppose -53*r - j + 7433 = -49*r, -3704 = -2*r + 2*j. List the prime factors of r.
3, 619
Let r(t) = -2*t - t + 20*t - 44 - 10. List the prime factors of r(6).
2, 3
Suppose 0 = 5*t + 2*z - 250, -3*z = 2*t + z - 116. Suppose -2*b = 2*f - 32, f = 2*b + b - t. What are the prime factors of (76/b)/(2/8)?
19
Let v(a) = 11*a**3 - a**2 - a + 1. Let j(o) = 2*o - 16. Let m be j(8). Suppose m*k = k - 1. What are the prime factors of v(k)?
2, 5
Suppose 0*p + 4*p = -i + 412, 1991 = 5*i - 3*p. List the prime factors of i.
2, 5
Let x(w) = -5*w**2 - 2*w**3 - 2*w**3 - 7*w - 7 + 3*w**3 - 2*w. List the prime factors of x(-6).
83
Suppose 848*r + 5418 = 851*r. What are the prime factors of r?
2, 3, 7, 43
Let o = 21 - 13. Suppose o*n - 114 = 5*n. Let c = n - 11. What are the prime factors of c?
3
Let y = -69 - -112. Suppose -c = h - y - 20, -h - 5*c = -59. List the prime factors of h.
2
Let y be (-2)/11 + 1872/132. Let h = y + -13. Suppose -29 + h = -v. What are the prime factors of v?
2, 7
Let s be (0 - 0)/(11 + -7). Suppose s = -5*l - 5 + 170. Let k = -16 + l. List the prime factors of k.
17
Let m = -163 - -228. List the prime factors of m.
5, 13
Suppose 6*j + 40 = j. What are the prime factors of 6*j/((-16)/15)?
3, 5
What are the prime factors of 66/12*(-1 + 75)?
11, 37
Suppose -4*q - 72 = -10*q. Let c = -24 + q. What are the prime factors of 3*(-3 + (-272)/c)?
59
Suppose -9908 = -47*d + 43*d. List the prime factors of d.
2477
Let z be -10 + -6 - (-1 - 1). Let c be 1/(1 + 16/z). Let t = 41 + c. What are the prime factors of t?
2, 17
Suppose